{"id":2424,"date":"2016-10-26T08:29:26","date_gmt":"2016-10-26T07:29:26","guid":{"rendered":"https:\/\/symev.org\/?page_id=2424"},"modified":"2024-11-06T11:21:32","modified_gmt":"2024-11-06T10:21:32","slug":"comptes","status":"publish","type":"page","link":"https:\/\/symev.org\/?page_id=2424","title":{"rendered":"Comptes"},"content":{"rendered":"<p>En vertu de la Loi du 20 ao\u00fbt 2008 (articles L-2135 \u00e0 2335-6 du Code du travail) relative \u00e0 la transparence financi\u00e8re des syndicats, sont ci-dessous publi\u00e9s les comptes du Symev :<\/p>\n<ul>\n<li><a href=\"https:\/\/symev.org\/wp-content\/uploads\/2024\/11\/SYMEV-ETATS-FINANCIERS-ET-FISCAUX-31.12.2023.pdf\">Comptes de l&#8217;exercice 2023<\/a><\/li>\n<li><a href=\"https:\/\/symev.org\/wp-content\/uploads\/2023\/11\/SYMEV-ETATS-FINANCIERS-ET-FISCAUX-31.12.2022.pdf\">Comptes de l&#8217;exercice 2022<\/a><\/li>\n<li><a href=\"https:\/\/symev.org\/wp-content\/uploads\/2023\/11\/SYMEV-ETATS-FINANCIERS-ET-FISCAUX-31.12.2021.pdf\">Comptes de l&#8217;exercice 2021<\/a><\/li>\n<li><a href=\"https:\/\/symev.org\/wp-content\/uploads\/2023\/11\/SYMEV-ETATS-FINANCIERS-ET-FISCAUX-31.12.2020.pdf\">Comptes de l&#8217;exercice 2020<\/a><\/li>\n<li><a href=\"https:\/\/symev.org\/wp-content\/uploads\/2020\/12\/SYMEV-2019-12-31-etats-financiers-et-fiscaux.pdf\">Comptes de l&#8217;exercice 2019<\/a><\/li>\n<li><a href=\"https:\/\/symev.org\/wp-content\/uploads\/2020\/12\/SYMEV-2018-12-31-Etats-financiers-et-fiscaux.pdf\">Comptes de l&#8217;exercice 2018<\/a><\/li>\n<li><a href=\"https:\/\/symev.org\/wp-content\/uploads\/2020\/12\/SYMEV-2017-12-31-Etats-Financiers-et-Fiscaux.pdf\">Comptes de l&#8217;exercice 2017<\/a><\/li>\n<li><a href=\"https:\/\/symev.org\/wp-content\/uploads\/2020\/12\/SYMEV-2016-12-31-Etats-financiers-et-fiscaux.pdf\">Comptes de l&#8217;exercice 2016<\/a><\/li>\n<li><a href=\"https:\/\/symev.org\/wp-content\/uploads\/2016\/10\/SYMEV-2015-12-31-Etats-financiers-et-fiscaux.pdf\">Comptes de l\u2019exercice 2015<\/a><\/li>\n<li><a href=\"https:\/\/symev.org\/wp-content\/uploads\/2016\/10\/Etats-financiers-et-fiscaux-Symev-2014.pdf\">Comptes de l&#8217;exercice 2014<\/a><\/li>\n<li><a href=\"https:\/\/symev.org\/wp-content\/uploads\/2016\/10\/Etats-financiers-et-fiscaux-Symev-2013.pdf\">Comptes de l&#8217;exercice 2013<\/a><\/li>\n<li><a href=\"https:\/\/symev.org\/wp-content\/uploads\/2016\/10\/Etats-Financiers-et-Fiscaux-Symev-2012.pdf\">Comptes de l&#8217;exercice 2012<\/a><\/li>\n<li><a href=\"https:\/\/symev.org\/wp-content\/uploads\/2016\/10\/Etats-Financiers-et-Fiscaux-Symev-2011.pdf\">Comptes de l&#8217;exercice 2011<\/a><\/li>\n<li><a href=\"https:\/\/symev.org\/wp-content\/uploads\/2016\/10\/Etats-financiers-et-fiscaux-symev-2010.pdf\">Comptes de l&#8217;exercice 2010<\/a><\/li>\n<\/ul>\n","protected":false},"excerpt":{"rendered":"<p>En vertu de la Loi du 20 ao\u00fbt 2008 (articles L-2135 \u00e0 2335-6 du Code du travail) relative \u00e0 la transparence financi\u00e8re des syndicats, sont ci-dessous publi\u00e9s les comptes du Symev :<\/p>\n<p>Comptes de l&#8217;exercice 2023<br \/>\nComptes de l&#8217;exercice 2022<br \/>\nComptes de l&#8217;exercice 2021<br \/>\nComptes de l&#8217;exercice 2020<br \/>\nComptes de l&#8217;exercice 2019<br \/>\nComptes de l&#8217;exercice 2018<br \/>\nComptes de l&#8217;exercice 2017<br \/>\nComptes de l&#8217;exercice &nbsp;<a href=\"https:\/\/symev.org\/?page_id=2424\" title=\"Comptes\">Lire la suite &rarr;<\/a><\/p>\n","protected":false},"author":2,"featured_media":0,"parent":7,"menu_order":0,"comment_status":"closed","ping_status":"closed","template":"","meta":[],"_links":{"self":[{"href":"https:\/\/symev.org\/index.php?rest_route=\/wp\/v2\/pages\/2424"}],"collection":[{"href":"https:\/\/symev.org\/index.php?rest_route=\/wp\/v2\/pages"}],"about":[{"href":"https:\/\/symev.org\/index.php?rest_route=\/wp\/v2\/types\/page"}],"author":[{"embeddable":true,"href":"https:\/\/symev.org\/index.php?rest_route=\/wp\/v2\/users\/2"}],"replies":[{"embeddable":true,"href":"https:\/\/symev.org\/index.php?rest_route=%2Fwp%2Fv2%2Fcomments&post=2424"}],"version-history":[{"count":13,"href":"https:\/\/symev.org\/index.php?rest_route=\/wp\/v2\/pages\/2424\/revisions"}],"predecessor-version":[{"id":12010,"href":"https:\/\/symev.org\/index.php?rest_route=\/wp\/v2\/pages\/2424\/revisions\/12010"}],"up":[{"embeddable":true,"href":"https:\/\/symev.org\/index.php?rest_route=\/wp\/v2\/pages\/7"}],"wp:attachment":[{"href":"https:\/\/symev.org\/index.php?rest_route=%2Fwp%2Fv2%2Fmedia&parent=2424"}],"curies":[{"name":"wp","href":"https:\/\/api.w.org\/{rel}","templated":true}]}}