{"id":13,"date":"2012-09-04T15:23:07","date_gmt":"2012-09-04T14:23:07","guid":{"rendered":"http:\/\/localhost\/SYMEV\/?page_id=13"},"modified":"2019-07-04T10:08:57","modified_gmt":"2019-07-04T09:08:57","slug":"missions","status":"publish","type":"page","link":"https:\/\/symev.org\/?page_id=13","title":{"rendered":"Missions"},"content":{"rendered":"<h2><\/h2>\n<h1><span style=\"color: #000000;\">Les 6 missions du Symev <\/span><br \/>\n<span style=\"color: #000000;\">au service des commissaires-priseurs\u00a0:<\/span><\/h1>\n<p><strong>Conform\u00e9ment \u00e0 ses statuts, le Symev ne se contente pas de repr\u00e9senter et d\u00e9fendre les Maisons de ventes volontaires aupr\u00e8s des institutions. R\u00e9unissant des professionnels passionn\u00e9s, il permet \u00e9galement \u00e0 ses membres d&#8217;\u00e9changer des conseils et des bonnes pratiques, de mener une r\u00e9flexion et des actions conjointes en faveur du march\u00e9 fran\u00e7ais de l&#8217;art et des objets rares.<\/strong><\/p>\n<p>&nbsp;<\/p>\n<div id=\"attachment_708\" style=\"width: 156px\" class=\"wp-caption alignleft\"><a href=\"https:\/\/symev.org\/wp-content\/uploads\/2013\/01\/Tryptique-de-presentation-du-Symev-web.pdf\"><img aria-describedby=\"caption-attachment-708\" decoding=\"async\" loading=\"lazy\" class=\"wp-image-708 \" style=\"border: 1px solid black;\" title=\"Plaquette de pr\u00e9sentation du Symev\" src=\"http:\/\/tests.lucdelaborde.com\/smvv\/wp-content\/uploads\/2012\/09\/couverture-plaquette-Symev.jpg\" alt=\"Plaquette de pr\u00e9sentation du Symev\" width=\"146\" height=\"188\" srcset=\"https:\/\/symev.org\/wp-content\/uploads\/2012\/09\/couverture-plaquette-Symev.jpg 474w, https:\/\/symev.org\/wp-content\/uploads\/2012\/09\/couverture-plaquette-Symev-233x300.jpg 233w\" sizes=\"(max-width: 146px) 100vw, 146px\" \/><\/a><p id=\"caption-attachment-708\" class=\"wp-caption-text\">Cliquez sur l&#8217;image pour t\u00e9l\u00e9charger la plaquette.<\/p><\/div>\n<h3><span style=\"color: #333333;\">1. Repr\u00e9senter et f\u00e9d\u00e9rer<\/span><\/h3>\n<p>Le Symev est une organisation professionnelle officielle express\u00e9ment mandat\u00e9e pour repr\u00e9senter les maisons de ventes volontaires aupr\u00e8s des instances publiques. Soucieux de repr\u00e9senter notre profession dans toute sa diversit\u00e9, le Symev accueille en son sein aussi bien les grandes structures que les plus petites, les soci\u00e9t\u00e9s parisiennes et celles qui exercent en r\u00e9gions. Depuis sa cr\u00e9ation le Symev f\u00e9d\u00e8re notre profession avec la conviction que, par-del\u00e0 leurs diff\u00e9rences, tous les commissaires-priseurs partagent des int\u00e9r\u00eats mais aussi des valeurs, des traditions et un m\u00eame amour du m\u00e9tier. Interlocuteur privil\u00e9gi\u00e9 des pouvoirs publics et des autres professionnels, il s\u2019attache aussi \u00e0 promouvoir les int\u00e9r\u00eats du march\u00e9 fran\u00e7ais de l\u2019art dont les enjeux et le fonctionnement sont encore trop souvent mal compris par les d\u00e9cideurs et les relais d\u2019opinion. Tout r\u00e9cemment il a notamment agi avec succ\u00e8s pour faire barrage au projet d\u2019int\u00e9gration des \u0153uvres d\u2019art dans l\u2019ISF.<\/p>\n<p>&nbsp;<\/p>\n<h3><span style=\"color: #333333;\">2. D\u00e9fendre et assister<\/span><\/h3>\n<div class=\"exergue exergue-droite\" style=\"width: 280px; \">Au-del\u00e0 de son action g\u00e9n\u00e9rale et collective,<br \/>\nle Symev est aussi en mesure d\u2019offrir<br \/>\nune aide personnalis\u00e9e \u00e0 chacun<br \/>\nde ses membres. Un avocat sp\u00e9cialis\u00e9<br \/>\npay\u00e9 par le syndicat peut ainsi assister<br \/>\ntout commissaire-priseur adh\u00e9rent<br \/>\ndans ses relations avec le Commissaire<br \/>\ndu gouvernement aupr\u00e8s<br \/>\ndu Conseil des ventes.<\/div>\n<h3><\/h3>\n<p>Le Symev est un syndicat : il a pour mission de d\u00e9fendre les int\u00e9r\u00eats de maisons de vente aupr\u00e8s des pouvoirs publics et du Conseil des ventes volontaires dont il est devenu un interlocuteur permanent. Ainsi, \u00e0 l\u2019occasion de la r\u00e9daction de la Convention collective de notre profession, de la loi de lib\u00e9ralisation des ventes volontaires ou de l\u2019\u00e9laboration du Code de d\u00e9ontologie, il a fait valoir la position des commissaires-priseurs avec d\u00e9termination. Il suit maintenant avec attention la mise en \u0153uvre de ces textes. Au-del\u00e0 de son action g\u00e9n\u00e9rale et collective, le Symev est aussi en mesure d\u2019offrir une aide personnalis\u00e9e \u00e0 chacun de ses membres. Un avocat sp\u00e9cialis\u00e9 pay\u00e9 par le syndicat peut ainsi assister tout commissaire-priseur adh\u00e9rent dans ses relations avec le Commissaire du gouvernement aupr\u00e8s du Conseil des ventes. De la m\u00eame fa\u00e7on, le Symev a engag\u00e9 des discussions avec des instances telles que l\u2019ADAGP concernant le p\u00e9rim\u00e8tre du droit de suite ou avec la Maison des Artistes au sujet de la n\u00e9cessaire distinction entre objet d\u2019arts et objets de collection pour le calcul des contributions dues. Un membre du Symev n\u2019est jamais seul dans l\u2019adversit\u00e9.<\/p>\n<p>&nbsp;<\/p>\n<h3><a href=\"https:\/\/symev.org\/wp-content\/uploads\/2012\/09\/Convention-Symev-prise-de-parole.jpg\"><img decoding=\"async\" loading=\"lazy\" class=\"wp-image-1265 alignleft\" src=\"https:\/\/symev.org\/wp-content\/uploads\/2012\/09\/Convention-Symev-prise-de-parole.jpg\" alt=\"Convention Symev - prise de parole\" width=\"156\" height=\"131\" srcset=\"https:\/\/symev.org\/wp-content\/uploads\/2012\/09\/Convention-Symev-prise-de-parole.jpg 472w, https:\/\/symev.org\/wp-content\/uploads\/2012\/09\/Convention-Symev-prise-de-parole-300x251.jpg 300w\" sizes=\"(max-width: 156px) 100vw, 156px\" \/><\/a><span style=\"color: #333333;\">3. Coop\u00e9rer et partager<br \/>\n<\/span><\/h3>\n<p>Le Symev favorise une coop\u00e9ration effective entre ses membres. De fa\u00e7on \u00e0 s\u2019attaquer au probl\u00e8me croissant des impay\u00e9s, le syndicat a notamment travaill\u00e9 en liaison avec la CNIL afin d\u2019\u00e9laborer un fichier l\u00e9gal et autoris\u00e9, centralisant les mauvais payeurs. Autant d\u2019actions concr\u00e8tes qui illustrent l\u2019une de nos convictions : ensemble, nous sommes plus forts !<\/p>\n<p>&nbsp;<\/p>\n<p>&nbsp;<\/p>\n<h3><\/h3>\n<h3><span style=\"color: #333333;\"><strong>4. \u00c9changer et former<\/strong><\/span><\/h3>\n<div class=\"exergue exergue-droite\" style=\"width: 280px; \">Dans un environnement professionnel<br \/>\net un march\u00e9 de l\u2019art en pleine mutation,<br \/>\nle Symev effectue une veille de fa\u00e7on<br \/>\n\u00e0 anticiper toutes les \u00e9volutions<br \/>\njuridiques, fiscales, \u00e9conomiques,<br \/>\ntechnologiques ou soci\u00e9tales qui peuvent<br \/>\navoir un impact sur notre profession.<\/div>\n<p>Le Symev est aussi une plateforme d\u2019\u00e9changes et un p\u00f4le de formation. Ses membres s\u2019informent mutuellement, se donnent des conseils, \u00e9changent les bonnes pratiques qui sont autant de gages de performance. Cette \u00e9mulation spontan\u00e9e va maintenant prendre une forme plus organis\u00e9e et syst\u00e9matique par l\u2019organisation r\u00e9guli\u00e8re de s\u00e9ances de formation. Des formation \u00e0 l\u2019anglais sp\u00e9cialement con\u00e7ue pour les commissaires-priseurs et d\u2019autres consacr\u00e9es \u00e0 l\u2019utilisation des nouvelles technologies num\u00e9riques ont d\u00e9j\u00e0 \u00e9t\u00e9 programm\u00e9es. Notre ambition : permettre \u00e0 toute maison des ventes, fut-elle de taille modeste, de se mettre en relation avec des clients et des acheteurs du monde entier\u00a0!<\/p>\n<p>&nbsp;<\/p>\n<p>&nbsp;<\/p>\n<h3><a href=\"https:\/\/symev.org\/wp-content\/uploads\/2012\/09\/Table-ronde-Presse-Convention-du-Symev1.jpg\"><img decoding=\"async\" loading=\"lazy\" class=\" wp-image-1261 alignleft\" src=\"https:\/\/symev.org\/wp-content\/uploads\/2012\/09\/Table-ronde-Presse-Convention-du-Symev1.jpg\" alt=\"Table ronde Presse Convention du Symev\" width=\"284\" height=\"165\" srcset=\"https:\/\/symev.org\/wp-content\/uploads\/2012\/09\/Table-ronde-Presse-Convention-du-Symev1.jpg 378w, https:\/\/symev.org\/wp-content\/uploads\/2012\/09\/Table-ronde-Presse-Convention-du-Symev1-300x173.jpg 300w\" sizes=\"(max-width: 284px) 100vw, 284px\" \/><\/a><\/h3>\n<h3><span style=\"color: #333333;\">5. Anticiper et informer<\/span><\/h3>\n<p>Le Symev voit plus loin. Dans un environnement professionnel et un march\u00e9 de l\u2019art en pleine mutation, il effectue une veille aussi bien nationale qu\u2019internationale de fa\u00e7on \u00e0 anticiper toutes les \u00e9volutions juridiques, fiscales, \u00e9conomiques, technologiques ou soci\u00e9tales qui peuvent avoir un impact sur notre profession. Cet effort de prospective s\u2019appuie sur une conviction : les \u00e9volutions en cours rec\u00e8lent des opportunit\u00e9s qui peuvent \u00eatre exploit\u00e9es par tous les commissaires-priseurs. L\u2019objectif ? Informer les commissaires priseurs pour qu\u2019ils aient un coup d\u2019avance dans leurs pratiques professionnelles.<\/p>\n<p>&nbsp;<\/p>\n<h3><span style=\"color: #333333;\">6. Expliquer et promouvoir<\/span><\/h3>\n<p><a href=\"https:\/\/symev.org\/wp-content\/uploads\/2012\/09\/journees_marteau_encheres_affiche1.jpg\"><img decoding=\"async\" loading=\"lazy\" class=\" wp-image-1314 alignright\" src=\"https:\/\/symev.org\/wp-content\/uploads\/2012\/09\/journees_marteau_encheres_affiche1-300x190.jpg\" alt=\"journees_marteau_encheres_affiche\" width=\"209\" height=\"133\" srcset=\"https:\/\/symev.org\/wp-content\/uploads\/2012\/09\/journees_marteau_encheres_affiche1-300x190.jpg 300w, https:\/\/symev.org\/wp-content\/uploads\/2012\/09\/journees_marteau_encheres_affiche1.jpg 670w\" sizes=\"(max-width: 209px) 100vw, 209px\" \/><\/a>Le Symev m\u00e8ne aussi des actions de communication visant \u00e0 expliquer et promouvoir notre profession aupr\u00e8s des d\u00e9cideurs et du grand public. Si notre m\u00e9tier b\u00e9n\u00e9ficie d\u2019un r\u00e9el prestige, il est aussi aur\u00e9ol\u00e9 d\u2019un certain myst\u00e8re qui dissuade certains clients de pousser la porte des maisons des ventes. Pour assurer le d\u00e9veloppement de nos activit\u00e9s, il est donc crucial de d\u00e9montrer que les ventes volontaires sont ouvertes \u00e0 tous les types de publics et de bien souligner les garanties uniques qu\u2019elles offrent tant aux vendeurs qu\u2019aux acheteurs. C\u2019est notamment l\u2019objet des \u00ab Journ\u00e9es Marteau \u00bb organis\u00e9e chaque ann\u00e9e par les adh\u00e9rents du Symev pour mieux faire conna\u00eetre notre profession et recruter de nouveaux clients.<\/p>\n","protected":false},"excerpt":{"rendered":"<p>Les 6 missions du Symev<br \/>\nau service des commissaires-priseurs\u00a0:<br \/>\nConform\u00e9ment \u00e0 ses statuts, le Symev ne se contente pas de repr\u00e9senter et d\u00e9fendre les Maisons de ventes volontaires aupr\u00e8s des institutions. R\u00e9unissant des professionnels passionn\u00e9s, il permet \u00e9galement \u00e0 ses membres d&#8217;\u00e9changer des conseils et des bonnes pratiques, de mener une r\u00e9flexion et des actions conjointes &nbsp;<a href=\"https:\/\/symev.org\/?page_id=13\" title=\"Missions\">Lire la suite &rarr;<\/a><\/p>\n","protected":false},"author":1,"featured_media":614,"parent":7,"menu_order":0,"comment_status":"closed","ping_status":"open","template":"page-sanssidebar.php","meta":[],"_links":{"self":[{"href":"https:\/\/symev.org\/index.php?rest_route=\/wp\/v2\/pages\/13"}],"collection":[{"href":"https:\/\/symev.org\/index.php?rest_route=\/wp\/v2\/pages"}],"about":[{"href":"https:\/\/symev.org\/index.php?rest_route=\/wp\/v2\/types\/page"}],"author":[{"embeddable":true,"href":"https:\/\/symev.org\/index.php?rest_route=\/wp\/v2\/users\/1"}],"replies":[{"embeddable":true,"href":"https:\/\/symev.org\/index.php?rest_route=%2Fwp%2Fv2%2Fcomments&post=13"}],"version-history":[{"count":3,"href":"https:\/\/symev.org\/index.php?rest_route=\/wp\/v2\/pages\/13\/revisions"}],"predecessor-version":[{"id":1316,"href":"https:\/\/symev.org\/index.php?rest_route=\/wp\/v2\/pages\/13\/revisions\/1316"}],"up":[{"embeddable":true,"href":"https:\/\/symev.org\/index.php?rest_route=\/wp\/v2\/pages\/7"}],"wp:featuredmedia":[{"embeddable":true,"href":"https:\/\/symev.org\/index.php?rest_route=\/wp\/v2\/media\/614"}],"wp:attachment":[{"href":"https:\/\/symev.org\/index.php?rest_route=%2Fwp%2Fv2%2Fmedia&parent=13"}],"curies":[{"name":"wp","href":"https:\/\/api.w.org\/{rel}","templated":true}]}}